2 + 33*l - 86. Let h be u(3). Let n be (-3952)/(-68) - (-2)/(-17). What is the greatest common factor of h and n?
29
Let l be -24*2/((-45)/(-6) - 8). What is the greatest common divisor of 4452 and l?
12
Suppose 0 = 2*w + 108 - 8. Let a = 58 + w. What is the highest common divisor of 64 and a?
8
Let l(r) = r + 38. Suppose j - 21 = 3*a, 4*j + 9 = j. Let m be l(a). What is the greatest common factor of 330 and m?
30
Let j(o) = -o**3 + 41*o**2 + 39*o + 176. Let g be j(42). Calculate the highest common divisor of 2875 and g.
25
Suppose 529 = 18*f - 137. Let i = -155 + 266. What is the highest common divisor of i and f?
37
Suppose 32*z = 766 + 322. Suppose 0 = -k - z*k + 7700. What is the highest common factor of k and 22?
22
Let r = -38 + 74. Let z be (-162)/9 - (-4)/(12/189). Calculate the highest common factor of r and z.
9
Suppose 11*l = 4*l + 1855. Suppose 17*h = l - 44. Let b be 1/(-4) + 106/8. Calculate the highest common factor of h and b.
13
Suppose -5*x = -3*d + 3489, 0 = 7*d + 2*x + 4268 - 12450. What is the highest common factor of d and 32?
16
Suppose -20415 = -7*b - 6968. Calculate the greatest common factor of b and 34.
17
Suppose 0 = -5*h + 24 + 56. Let m(v) = -2*v**3 + 7*v**2 + 7*v + 36. Let j be m(-6). Let i = 854 - j. What is the greatest common factor of i and h?
16
Let j = -3750 - -11559. Suppose -27*f + j = -183. Calculate the highest common divisor of 111 and f.
37
Let g be 11/(1166/(-484155))*((-2)/(-10) + -1). What is the highest common divisor of 315 and g?
63
Suppose 2*u + 1 = -7, -3*n - u = -35. Let y = -8 + n. What is the greatest common factor of 25 and y?
5
Let u = -47 + 44. Let o be (-77)/u - -3*2/18. Suppose -3*c + 130 = 2*c. Calculate the highest common divisor of o and c.
26
Let y be 32 + -5*((-4)/(-20) - -1). Let w(g) = -2*g - 9. Let u be w(0). Let p be u/18 - (-105)/2. Calculate the greatest common factor of y and p.
26
Let x be (1192989/(-112))/((-27)/12) - 1/12. Calculate the highest common divisor of x and 18.
18
Let t(z) = -337*z + 3730. Let l be t(10). Calculate the highest common factor of 5940 and l.
180
Let s = 10 - 8. Let o be s*(-1)/(-4)*4. Suppose 3*p - 61 = o*k, 3*k - 3 + 85 = 4*p. What is the greatest common factor of 38 and p?
19
Let c be (18 + -19)*8 - -92. Calculate the greatest common factor of c and 12306.
42
Let l = -248 - -533. Calculate the highest common factor of 135 and l.
15
Suppose -t = 5*i - 55, 0 = -t + 14*i - 8*i + 88. What is the greatest common factor of 3430 and t?
70
Let h(w) = 11*w**2 - 68*w - 18. Let a be h(-6). What is the highest common divisor of 66 and a?
6
Let h(i) = -4*i**2 + 226*i - 36. Let u be h(56). Let d(a) = a**2 + 4*a. Let m be d(-2). Let p = m + u. What is the greatest common divisor of p and 6?
6
Let o be (-6 - -6)/(0 + -2). Suppose 3*t = -d + 56, 2*d = -o*d + 4. Calculate the highest common divisor of t and 306.
18
Let g be (-17 - -6)*((-1984)/16 - -4*1). What is the greatest common factor of g and 165?
165
Let a = -216 - -531. Suppose a = j + o, 6*j + 2*o = 3*j + 942. What is the highest common divisor of 39 and j?
39
Suppose -4*h - 7*s = -13224, -2*h = -5*h - 2*s + 9918. Calculate the highest common factor of 116 and h.
58
Let h = 9876 + -3366. Calculate the greatest common factor of 5 and h.
5
Suppose -5*h = -2*j + 1034 + 15, 12 = 4*h. Suppose 26*g = 24*g - i + 145, -8*g + 594 = 2*i. What is the greatest common factor of j and g?
76
Suppose 5*c = n + 2*c + 441, -5*c = 2*n + 915. Let b = n - -492. Calculate the greatest common factor of b and 66.
6
Suppose -30*d + 21 - 242 = -43*d. Calculate the greatest common factor of 18479 and d.
17
Suppose 25002 = 5*y - 4*r, -r - 15004 = -13*y + 10*y. Calculate the highest common factor of y and 244.
122
Let z = 2307 - 2280. What is the greatest common divisor of z and 459?
27
Suppose 74*c - 13068 = 709 - 1123. Let h(t) = 38*t**2. Let d be h(-1). What is the greatest common divisor of c and d?
19
Suppose 0 = -3*x - 2*x + 3*n + 200, -n + 69 = 2*x. Suppose 1 - x = -4*f. Calculate the highest common divisor of 90 and f.
9
Let z(f) = -23*f**2 + 7*f - 8. Let v be z(2). Let b = v - -90. Suppose -7 - 1 = -2*k. What is the highest common factor of b and k?
4
Suppose 0 = -23*w - 120*w - 83*w + 14960 + 3120. Suppose -5*a + 5*k = -430, -a + 6*k + 84 = 4*k. Calculate the highest common factor of w and a.
8
Let b = -4051 - -4183. Calculate the greatest common factor of b and 108.
12
Suppose 2*w = -3*w + 400. Suppose -2*h = -t - 119, 0 = -5*h - t + 139 + 162. Let d = w - h. What is the greatest common factor of d and 10?
10
Let k = 171 - 321. Let a = -126 - k. Calculate the greatest common factor of 6 and a.
6
Let l be 2 - (-9)/(-3) - -7. Suppose -19*j = 5*u - 15*j - 644, -j - 400 = -3*u. What is the highest common divisor of u and l?
6
Let w = -234 + 228. Suppose -2*u = 5*p - 65, -3 = 4*p - 2*u - 73. Let g = p + w. What is the greatest common factor of g and 9?
9
Let p(v) = 1854*v + 16710. Let s be p(-9). Let x = -46 + 86. What is the greatest common divisor of x and s?
8
Suppose -m + 0*m + 3*d = -21, 4*d - 84 = -4*m. Suppose 2*q - 68 = 3*i, 2*q - i - m - 47 = 0. What is the highest common factor of q and 544?
34
Suppose -g + 3*h = 2*h - 5, -4*g = -5*h - 23. Suppose -5*u - g*w = -1007, -u - 10*w + 223 = -15*w. What is the greatest common divisor of 7 and u?
7
Suppose u - 4*u = -c - 26, -2*u - c = -24. Let q(m) = -3*m**2 - 28*m + 41. Let k be q(-9). What is the highest common factor of u and k?
10
Let h(g) = -g**2 + 15*g + 18. Let x be h(11). Suppose 10*f - 148 = x. What is the greatest common divisor of f and 273?
21
Let h = 67313 + -47700. Calculate the greatest common divisor of h and 33.
11
Suppose 7*p = -8*p - 75, 3*p - 271 = -2*m. What is the highest common factor of m and 451?
11
Suppose -78*x - 10920 = -57*x - 203*x. What is the highest common divisor of 45 and x?
15
Let u(t) = -397*t + 12. Let z be u(0). Calculate the greatest common factor of 8100 and z.
12
Let s be (-2354)/(-6) + (-777)/333. Calculate the greatest common factor of s and 858.
78
Suppose z - 2*v + 5 - 4 = 0, 2*v - 7 = -z. Suppose l + 75 = z*o + 632, -4*o + 4 = 0. Suppose -4*p - l = -8*p. Calculate the highest common factor of p and 20.
20
Suppose 2*t + 5*l - 155 = 0, -t + 77 = 18*l - 16*l. Calculate the highest common divisor of 2350 and t.
25
Let p be (-1*5)/((-18)/54). Calculate the greatest common factor of p and 75.
15
Suppose 22 = j + 4*a, -37*a = -3*j - 34*a + 51. Calculate the greatest common divisor of j and 1464.
6
Suppose 0 = -5*t - 3*p + 860, t + 0*p + p = 170. Calculate the greatest common divisor of 4725 and t.
175
Suppose -3*k + 89 = -5*d, 53*d + 83 = 3*k + 54*d. Calculate the highest common factor of k and 6286.
14
Suppose 4*k - 2*i = -k + 802, 5*i + 165 = k. Let q be (k/24)/(5/210). Calculate the highest common divisor of q and 80.
40
Let k = -38 - -45. Suppose k*y + 728 = 11179. Suppose -y + 37 = -13*f. What is the highest common factor of 32 and f?
16
Suppose 0 = -21*y + 19*y + 16. Suppose -y*k + 160 = -4*k. Let o = k - 28. What is the greatest common divisor of o and 72?
12
Suppose 14*c - 3164 = -56*c + 2996. What is the highest common factor of 55 and c?
11
Let a be (-3)/(1/5*-3). Suppose -6*d + 381 = 3*f - 5*d, a*d - 15 = 0. What is the greatest common factor of 84 and f?
42
Let t be 489 + (-15 - (-22 + 13)). Calculate the greatest common factor of t and 21.
21
Let a = 4639 + -4629. Calculate the greatest common divisor of a and 915.
5
Let q = -17270 + 21370. Calculate the highest common divisor of q and 75.
25
Let u(b) = 1 - 21 - 1 + 9*b + 17*b. Let k be u(7). Let v(l) = 22*l**2 - 7*l - 6. Let r be v(-1). What is the highest common factor of r and k?
23
Let g = -230 + -336. Let x = 1021 + g. Calculate the highest common divisor of 65 and x.
65
Let a(f) = 2. Let d(y) = -108*y + 7. Let k(z) = -a(z) + d(z). Let h be k(-2). Calculate the highest common divisor of h and 13.
13
Let w be (4 + -1 - 1190)*-6. Let u be w/18 - 2/3. Suppose -2*y + 3*d = -u, 0*d - 765 = -4*y + d. What is the highest common divisor of 19 and y?
19
Let c be (4/(-3))/((-69)/2898). Suppose q + 4 = 0, 5*q - 71 = -3*o + 35. What is the highest common factor of o and c?
14
Suppose 97*m + 3368 = 12389. Calculate the greatest common divisor of 496 and m.
31
Let r(k) = 2*k